{"id":12425,"date":"2025-09-14T15:32:14","date_gmt":"2025-09-14T15:32:14","guid":{"rendered":"https:\/\/baccandrain.fr\/index.php\/product\/sweat-a-capuche-ecologique-pour-enfants-renard\/"},"modified":"2025-09-14T15:36:23","modified_gmt":"2025-09-14T15:36:23","slug":"sweat-a-capuche-ecologique-pour-enfants-renard","status":"publish","type":"product","link":"https:\/\/baccandrain.fr\/index.php\/product\/sweat-a-capuche-ecologique-pour-enfants-renard\/","title":{"rendered":"Sweat \u00e0 capuche \u00e9cologique pour enfants: \u00ab\u00a0Renard\u00a0\u00bb"},"content":{"rendered":"<p>Vous cherchez un sweat \u00e0 capuche confortable pour votre enfant\u00a0? Ce sweat \u00e0 capuche \u00e9cologique pour enfants de qualit\u00e9 sup\u00e9rieure poss\u00e8de une poche frontale, des poignets c\u00f4tel\u00e9s et une capuche doubl\u00e9e pour plus de chaleur. Il est douillet et doux au toucher. De plus, le sweat \u00e0 capuche est fabriqu\u00e9 \u00e0 partir de coton biologique et de polyester recycl\u00e9, ce qui en fait un choix de mode plus respectueux de l\u2019environnement.<\/p>\n<p>\u2022 80\u00a0% coton biologique, 20\u00a0% polyester recycl\u00e9<br \/>\n\u2022 Ext\u00e9rieur\u00a0: 100\u00a0% coton biologique<br \/>\n\u2022 Manches raglan <br \/>\n\u2022 3 fils <br \/>\n\u2022 Ourlet et poignets c\u00f4tel\u00e9s 2\u00d72 <br \/>\n\u2022 Renfort assorti au cou (int\u00e9rieur, dos) <br \/>\n\u2022 Demi-lune \u00e0 l\u2019int\u00e9rieur du col<br \/>\n\u2022 Capuche doubl\u00e9e en jersey<br \/>\n\u2022 Doublure bross\u00e9e<\/p>\n<p>\u2022 Tra\u00e7abilit\u00e9\u00a0:<br \/>\n&#8211; Tissage : Bangladesh<br \/>\n&#8211; Teinture : Bangladesh<br \/>\n&#8211; Fabrication : Bangladesh<br \/>\n\u2022 Contient 20\u00a0% de polyester recycl\u00e9<br \/>\n\u2022 Contient 0\u00a0% de substances dangereuses<\/p>\n","protected":false},"excerpt":{"rendered":"<p>Vous cherchez un sweat \u00e0 capuche confortable pour votre enfant\u00a0? Ce sweat \u00e0 capuche \u00e9cologique pour enfants de qualit\u00e9 sup\u00e9rieure poss\u00e8de une poche frontale, des poignets c\u00f4tel\u00e9s et une capuche doubl\u00e9e pour plus de chaleur. Il est douillet et doux au toucher. De plus, le sweat \u00e0 capuche est fabriqu\u00e9 \u00e0 partir de coton biologique et de polyester recycl\u00e9, ce qui en fait un choix de mode plus respectueux de l\u2019environnement. \u2022 80\u00a0% coton biologique, 20\u00a0% polyester recycl\u00e9 \u2022 Ext\u00e9rieur\u00a0: 100\u00a0% coton biologique \u2022 Manches raglan \u2022 3 fils \u2022 Ourlet et poignets c\u00f4tel\u00e9s 2\u00d72 \u2022 Renfort assorti au cou (int\u00e9rieur, dos) \u2022 Demi-lune \u00e0 l\u2019int\u00e9rieur du col \u2022 Capuche doubl\u00e9e en jersey \u2022 Doublure bross\u00e9e \u2022 Tra\u00e7abilit\u00e9\u00a0: &#8211; Tissage : Bangladesh &#8211; Teinture : Bangladesh &#8211; Fabrication : Bangladesh \u2022 Contient 20\u00a0% de polyester recycl\u00e9 \u2022 Contient 0\u00a0% de substances dangereuses<\/p>\n","protected":false},"featured_media":12443,"template":"","meta":[],"product_brand":[],"product_cat":[133,149,171],"product_tag":[],"class_list":{"0":"post-12425","1":"product","2":"type-product","3":"status-publish","4":"has-post-thumbnail","6":"product_cat-animaux","7":"product_cat-kids","8":"product_cat-unisex","10":"first","11":"instock","12":"purchasable","13":"product-type-variable"},"jetpack_sharing_enabled":true,"_links":{"self":[{"href":"https:\/\/baccandrain.fr\/index.php\/wp-json\/wp\/v2\/product\/12425","targetHints":{"allow":["GET"]}}],"collection":[{"href":"https:\/\/baccandrain.fr\/index.php\/wp-json\/wp\/v2\/product"}],"about":[{"href":"https:\/\/baccandrain.fr\/index.php\/wp-json\/wp\/v2\/types\/product"}],"wp:featuredmedia":[{"embeddable":true,"href":"https:\/\/baccandrain.fr\/index.php\/wp-json\/wp\/v2\/media\/12443"}],"wp:attachment":[{"href":"https:\/\/baccandrain.fr\/index.php\/wp-json\/wp\/v2\/media?parent=12425"}],"wp:term":[{"taxonomy":"product_brand","embeddable":true,"href":"https:\/\/baccandrain.fr\/index.php\/wp-json\/wp\/v2\/product_brand?post=12425"},{"taxonomy":"product_cat","embeddable":true,"href":"https:\/\/baccandrain.fr\/index.php\/wp-json\/wp\/v2\/product_cat?post=12425"},{"taxonomy":"product_tag","embeddable":true,"href":"https:\/\/baccandrain.fr\/index.php\/wp-json\/wp\/v2\/product_tag?post=12425"}],"curies":[{"name":"wp","href":"https:\/\/api.w.org\/{rel}","templated":true}]}}